+ 8*h**2 - 13*h + 7. List the prime factors of r(5).
17
Suppose 3*b - 6 = 2*b. Suppose -m = b + 1. List the prime factors of 2/m - (-16)/7.
2
Let k(a) = 9*a**2 - 1. Let i be k(2). Let g = -23 + i. List the prime factors of g.
2, 3
Let u be 1/(-4) + (-52)/(-16). Suppose -5*x + 22 = u*d, -3*d - 4*x = -0*d - 20. Suppose d*c - 26 = -2*p, 0*p - 25 = -4*c - p. List the prime factors of c.
2, 3
Let g = 13 + -14. What are the prime factors of 141/6 - g/2?
2, 3
Suppose -2*o + 6 = -4. Suppose 0 = j - 2*j - o. What are the prime factors of 34/10 - (-2)/j?
3
Let n = 2 - 6. Let f(u) = -2*u - 5. List the prime factors of f(n).
3
Let t = 76 - 26. List the prime factors of t.
2, 5
Let v = 2 + -2. Suppose 13 = d - v*d. What are the prime factors of d?
13
Suppose 760 = 12*o - 7*o. List the prime factors of o.
2, 19
Suppose -3*i + 34 = -8. Suppose t - i = -33. Let v = -10 - t. What are the prime factors of v?
3
Suppose c - 16 = -14. Suppose -5*u = -0*f - 2*f - 12, 5*u - 4*f = 4. Let y = u - c. List the prime factors of y.
2
Suppose -3*a + 5*a + 7 = -5*z, -5*a + 4*z = -32. Let v be (0 + 0)/(-1)*-1. Suppose a*r - 5*s = 6, 5*r - s - 18 = -v*s. List the prime factors of r.
2
Let g = 69 + 4. What are the prime factors of g?
73
Let f(y) = y**2 + 8*y + 1. Let u be f(-10). Suppose -w - 2*x + 13 = -u, 0 = w + 4*x - 38. What are the prime factors of w?
2, 3, 5
Suppose 5*d = -5*t + 1615, 9 = -0*d + 3*d. What are the prime factors of t?
2, 5
Let a(b) = -b + 12. List the prime factors of a(-7).
19
Suppose 4*b - 479 = -5*d + 2*d, 5*b - 4*d - 560 = 0. List the prime factors of b.
2, 29
Suppose -2*o + o - 3*y = -9, 0 = -5*y + 10. Let l be -2*(33/2 - o). Let k = -18 - l. List the prime factors of k.
3
Let b(i) = 46*i - 2. List the prime factors of b(1).
2, 11
Let j(u) = u**2 - 11*u + 11. Let l be j(10). Let w be 0/(l/(2 + -1)). Suppose 0*v - v + 13 = w. List the prime factors of v.
13
Suppose -k + 6*u + 17 = 4*u, 0 = -k + 5*u + 23. Suppose -4*h + 5*h = -3*x + 11, -x + k = 5*h. List the prime factors of h.
2
Suppose -14*f - 77 = -385. What are the prime factors of f?
2, 11
List the prime factors of -3 - (-64 + (-3)/(3/(-4))).
3, 19
Let m(t) = -t + 3. Let n be m(9). Let u = 8 + n. Suppose -2*r = 2*g + 3*g - 65, 0 = u*g - 2*r - 12. List the prime factors of g.
11
Suppose -2*m = -36 - 42. Suppose -2*t = t - m. What are the prime factors of t?
13
Suppose -3*a + 8*a = 75. Let m = 9 + a. What are the prime factors of m?
2, 3
Let z(t) = -t**2 - 11*t - 6. Let u be z(-10). Suppose b + 2*a - 31 = 22, u*a = 0. List the prime factors of b.
53
Let z = 107 - 31. List the prime factors of z.
2, 19
Let n(b) = -b**2 - 9*b + 5. Let w be n(-9). Let i = -5 + w. Suppose 5*u = 5*l + 10, i = u - 1 - 3. List the prime factors of l.
2
Suppose 4*c + 30 = v, -2*c - 5 = v - 17. Suppose 0 = -3*f + t + 16, 2*f + t - v = -4. Suppose -f*z = -5*z - 14. What are the prime factors of z?
2, 7
Suppose -7*k + 423 = -354. List the prime factors of k.
3, 37
What are the prime factors of 2/(-12) + 3243/18 - 3?
3, 59
Let k be (-2)/(-10) - (-153)/(-15). Let w be (k/(-4))/((-2)/(-4)). What are the prime factors of w/(-3)*(1 + -4)?
5
Let r be -4 - (-3 - 0/(-2)). List the prime factors of 9 + r + -2 + 3.
3
Let m be 1/(-2*3/(-24)). Suppose -5*y - w = -3*w - 186, 3*y + m*w - 122 = 0. What are the prime factors of y?
2, 19
Suppose -5*m - 20 = -3*k, m + 6*k - 3*k = -4. List the prime factors of (-3 + 0)/(m/12).
3
Let m = -62 + 112. What are the prime factors of m?
2, 5
Let a(u) = 0*u**2 + 3*u + 11 - 4 + u**2 + u. List the prime factors of a(-6).
19
Suppose 0 = -4*x + 20, -2*x = t + 3*x - 68. List the prime factors of t.
43
Let x = 65 - 40. What are the prime factors of x?
5
Suppose -2*x - 5*t = -46, 5*x - 5 = -5*t + 95. Let p be x/3*(-1)/(-2). Suppose -2*y + p*y - 4 = 0. What are the prime factors of y?
2
Let v(c) = -7*c - 2. Let a = 0 - 2. What are the prime factors of v(a)?
2, 3
Let h = -2 - 4. What are the prime factors of 3/h*(-28 - 0)?
2, 7
Suppose 27 = 4*u - 69. Let f(p) = p**3 + 11*p**2 + 9*p + 6. Let q be f(-10). Let s = u - q. What are the prime factors of s?
2
Let r(b) = -b**3 + 14*b**2 - 16*b + 16. Let o be r(13). Let p = 56 + o. What are the prime factors of p?
3, 11
Let n(f) = -f**2 - 3*f + 2. Let m be n(-4). List the prime factors of 10*(-1 - m - -3).
2, 5
Suppose -2*l + 8 = -0*u + 2*u, -3*u - 4 = -5*l. Let o = 5 - 3. Suppose -5*b = o*d + d - 17, 2*d = -u. What are the prime factors of b?
2
What are the prime factors of ((-11)/(-2))/(9/36)?
2, 11
Let n(q) = -10*q - 13. What are the prime factors of n(-9)?
7, 11
Suppose 75 = -3*p - 4*f, -f - 125 = 5*p - 5*f. Let z = p - -35. List the prime factors of z.
2, 5
Suppose -4 = 5*c + 2*w, -3*w + 0 = -c + 6. What are the prime factors of c/(-1 - 1) - -2?
2
Let p = 55 - 33. What are the prime factors of p?
2, 11
Let p(s) = s**2 - 7*s + 2. Let b be p(7). Let u = 10 - b. List the prime factors of u.
2
Let i = 45 - 28. List the prime factors of i.
17
Let x = 87 + -18. List the prime factors of x.
3, 23
Let k(w) = -w**3 + 15*w**2 - 6*w - 16. Let c be k(14). Suppose -5*h + h + c = 0. What are the prime factors of h?
2, 3
Suppose -k + 4 = 0, 3*i + 3*k = 4*k + 2. Suppose i*p = -5*m + 293, -302 = -4*m + 3*p - 86. Suppose -3*h - m = -6*h. What are the prime factors of h?
19
Suppose -3*d + 5*q = -0*q - 10, -5*q = -20. What are the prime factors of d?
2, 5
Let n = 1 - 0. Let q = 1 - n. Suppose q*t + t = 4. List the prime factors of t.
2
What are the prime factors of (-33)/(-4) - (-9)/(-36)?
2
Suppose -74 = 2*u - 0*u. Let a = 75 + u. List the prime factors of a.
2, 19
Let d(z) be the second derivative of -z**3/2 - 3*z**2/2 - z. Let w be d(-3). Suppose -j + 13 = 4*l, 3*j + 23 = 4*l + w*j. List the prime factors of l.
2
What are the prime factors of 3085/20 - (-3)/(-12)?
2, 7, 11
Let s be 8/6 + 14/21. Suppose 0 = s*k - 3*k + 17. What are the prime factors of k?
17
Suppose -6 = -3*w + 6*z - 2*z, -2*z - 24 = -5*w. What are the prime factors of w?
2, 3
Let u(d) = -d**3 - 3*d**2 - 4*d + 3. Let y be u(-4). Let f = y - 15. List the prime factors of f.
2, 5
Let o = 369 - 264. List the prime factors of o.
3, 5, 7
Let q(f) = -f**2 - f - 1. Let a be q(-3). Let v(j) = -j**3 - 6*j**2 + 6*j - 3. List the prime factors of v(a).
2
List the prime factors of 26 + ((-8)/2 - -2).
2, 3
Suppose 5*y = w + 2*w + 392, w = 3*y - 232. List the prime factors of y.
2, 19
Let o be (-3 - -5)/((-6)/(-9)). Suppose -o*d = -16 - 11. List the prime factors of (-2)/d - 329/(-63).
5
Let r(d) be the second derivative of -d**3/3 + d**2 - 2*d. List the prime factors of r(-8).
2, 3
Let l(o) be the second derivative of o**3/6 - 2*o**2 + o. List the prime factors of l(9).
5
Let p = 275 + 53. List the prime factors of (p/12)/(-2)*-3.
41
Suppose -2*o = 4*q - 32, -12 - 35 = -5*q + o. Suppose -3*d - r = -3*r + 17, r = -5*d - 24. Let k = d + q. What are the prime factors of k?
2
Let u be (50/4)/((-1)/(-18)). Suppose 0*v + 5*v - u = 0. Suppose 5*w - 6 = -5*t + 39, 5*w + v = 5*t. What are the prime factors of t?
3
Let f(q) = -3*q**3 + q - 1. Let z be f(1). List the prime factors of z/(-12) - 94/(-8).
2, 3
Let f(j) = j**2 + 2*j - 22. What are the prime factors of f(-11)?
7, 11
Suppose -3*l = 6 + 3. Let d = 52 + l. What are the prime factors of d?
7
Let w be (1/3 + (-4)/(-6))*2. Suppose 0 = 5*b - 3*x - 7, 0*b + b = 4*x + 15. What are the prime factors of 7 + (w + b)/(-1)?
2, 3
Let t = -24 + 53. Let l = t - 10. What are the prime factors of l?
19
Let p = -314 - -449. Suppose -p = -5*k - 5*f, 5*f + 6 = 2*k - 76. List the prime factors of k.
31
Let s = 7 + -2. Let c = 7 - s. List the prime factors of c.
2
Let s(h) = -16*h + 1. Let l(n) = -80*n + 5. Let c(w) = 2*l(w) - 11*s(w). Let x be c(2). Suppose 1 = 4*t - x. What are the prime factors of t?
2
Let t(x) = 0 + 2 + 3 - 6*x. Let l(j) = -j + 1. Let p(r) = 11*l(r) - 2*t(r). What are the prime factors of p(5)?
2, 3
Suppose 2*i = i - 6. Let l = 26 + i. What are the prime factors of l?
2, 5
Let u(y) = y**2 - 9*y + 3. Let g be u(6). Let v be 18/g*(-10)/3. Suppose 3*d = v*d - 3. What are the prime factors of d?
3
Let a = -7 + 11. Suppose 10 = -2*z + a*q, -5*q + 4 = -4*z - q. Suppose 5*g = 2*f - 25, -4*f = z*g - 34 - 3. What are the prime factors of f?
2, 5
Let f(k) = -5*k + 95. List the prime fa